 ten millions digit of 1328025013?
2
What is the millions digit of 862320487?
2
What is the millions digit of 7354580785?
4
What is the ten millions digit of 22175553?
2
What is the ten millions digit of 102795532?
0
What is the ten thousands digit of 465842413?
4
What is the tens digit of 178346896?
9
What is the units digit of 451176255?
5
What is the hundred millions digit of 1380735876?
3
What is the ten millions digit of 78169773?
7
What is the millions digit of 185136384?
5
What is the ten thousands digit of 551297666?
9
What is the thousands digit of 21312431?
2
What is the billions digit of 1044500975?
1
What is the hundreds digit of 9712547?
5
What is the ten millions digit of 800600938?
0
What is the hundreds digit of 125201301?
3
What is the ten thousands digit of 173799387?
9
What is the ten thousands digit of 1771625807?
2
What is the hundred thousands digit of 84638681?
6
What is the hundreds digit of 22052742?
7
What is the hundred millions digit of 2152498733?
1
What is the hundred thousands digit of 18414915?
4
What is the thousands digit of 397294026?
4
What is the ten thousands digit of 500913248?
1
What is the thousands digit of 195296140?
6
What is the tens digit of 5443568756?
5
What is the hundred thousands digit of 6665772?
6
What is the thousands digit of 6052760687?
0
What is the ten thousands digit of 299190826?
9
What is the ten thousands digit of 2391763721?
6
What is the units digit of 53881813?
3
What is the thousands digit of 446981919?
1
What is the units digit of 97127779?
9
What is the ten millions digit of 1704285885?
0
What is the units digit of 79098656?
6
What is the ten millions digit of 21530527?
2
What is the millions digit of 4095257128?
5
What is the units digit of 67698955?
5
What is the hundred thousands digit of 5357185290?
1
What is the hundreds digit of 252373478?
4
What is the ten thousands digit of 9914431?
1
What is the thousands digit of 13524437?
4
What is the ten thousands digit of 88948297?
4
What is the ten thousands digit of 1482794111?
9
What is the thousands digit of 52810714?
0
What is the thousands digit of 41028518?
8
What is the hundreds digit of 64463846?
8
What is the units digit of 5419809?
9
What is the thousands digit of 72049257?
9
What is the thousands digit of 7597934?
7
What is the hundred thousands digit of 17235116?
2
What is the ten millions digit of 996154869?
9
What is the hundred thousands digit of 133609285?
6
What is the hundred millions digit of 258321254?
2
What is the ten millions digit of 218083030?
1
What is the units digit of 41091531?
1
What is the millions digit of 4923385879?
3
What is the hundred thousands digit of 3525936364?
9
What is the ten millions digit of 10020892?
1
What is the billions digit of 4384553510?
4
What is the billions digit of 7286097802?
7
What is the ten thousands digit of 338286684?
8
What is the ten thousands digit of 7408782?
0
What is the tens digit of 523944089?
8
What is the units digit of 25716703?
3
What is the ten thousands digit of 35403681?
0
What is the hundred millions digit of 818815673?
8
What is the units digit of 20111143?
3
What is the tens digit of 106309173?
7
What is the millions digit of 137400540?
7
What is the units digit of 154883034?
4
What is the ten millions digit of 480873273?
8
What is the ten millions digit of 138949692?
3
What is the ten thousands digit of 10559317?
5
What is the hundred thousands digit of 80752182?
7
What is the millions digit of 1072694?
1
What is the units digit of 1954507304?
4
What is the hundreds digit of 774965419?
4
What is the tens digit of 1426681788?
8
What is the millions digit of 227435427?
7
What is the thousands digit of 131089288?
9
What is the billions digit of 6464397160?
6
What is the units digit of 44125033?
3
What is the ten millions digit of 501885883?
0
What is the hundreds digit of 36239271?
2
What is the billions digit of 1021318860?
1
What is the thousands digit of 2485456728?
6
What is the hundreds digit of 1012036365?
3
What is the tens digit of 1901336217?
1
What is the hundred millions digit of 3462192725?
4
What is the hundred millions digit of 161164069?
1
What is the ten thousands digit of 59003590?
0
What is the tens digit of 289573194?
9
What is the hundreds digit of 180419248?
2
What is the units digit of 20192258?
8
What is the tens digit of 1555336503?
0
What is the hundred millions digit of 118713433?
1
What is the ten millions digit of 1160996807?
6
What is the hundred millions digit of 175686230?
1
What is the hundred millions digit of 1112819932?
1
What is the millions digit of 51518386?
1
What is the units digit of 244138723?
3
What is the units digit of 265822890?
0
What is the units digit of 92759715?
5
What is the hundreds digit of 21859741?
7
What is the millions digit of 706036360?
6
What is the tens digit of 3015168861?
6
What is the units digit of 384435948?
8
What is the millions digit of 70474751?
0
What is the ten thousands digit of 5626144813?
4
What is the hundred thousands digit of 319547439?
5
What is the ten thousands digit of 59036202?
3
What is the hundreds digit of 160308692?
6
What is the units digit of 1458726602?
2
What is the millions digit of 1644085561?
4
What is the tens digit of 40900531?
3
What is the thousands digit of 1688917541?
7
What is the millions digit of 138796761?
8
What is the millions digit of 200139543?
0
What is the hundred thousands digit of 110911381?
9
What is the thousands digit of 25949505?
9
What is the ten thousands digit of 40984919?
8
What is the hundred thousands digit of 510612903?
6
What is the thousands digit of 433672332?
2
What is the ten millions digit of 110759002?
1
What is the billions digit of 1701855881?
1
What is the hundred thousands digit of 93938612?
9
What is the millions digit of 110582217?
0
What is the hundreds digit of 38723622?
6
What is the millions digit of 218433053?
8
What is the units digit of 549503857?
7
What is the hundreds digit of 2723278597?
5
What is the tens digit of 4054554395?
9
What is the units digit of 153322656?
6
What is the ten thousands digit of 1782331863?
3
What is the millions digit of 689007065?
9
What is the tens digit of 186145859?
5
What is the tens digit of 131473?
7
What is the units digit of 1179428414?
4
What is the thousands digit of 34389881?
9
What is the ten thousands digit of 92845901?
4
What is the hundreds digit of 65438531?
5
What is the tens digit of 239779908?
0
What is the hundreds digit of 942758399?
3
What is the tens digit of 43616602?
0
What is the units digit of 329878729?
9
What is the thousands digit of 212453389?
3
What is the ten millions digit of 114847143?
1
What is the hundred thousands digit of 351442172?
4
What is the units digit of 268380633?
3
What is the hundred thousands digit of 176205721?
2
What is the units digit of 101082516?
6
What is the ten millions digit of 650872152?
5
What is the ten thousands digit of 1062229373?
2
What is the tens digit of 3551872027?
2
What is the hundreds digit of 398641422?
4
What is the millions digit of 2068966088?
8
What is the hundred millions digit of 148082488?
1
What is the hundred millions digit of 360210165?
3
What is the ten millions digit of 216673027?
1
What is the units digit of 199851840?
0
What is the tens digit of 56141884?
8
What is the ten thousands digit of 1564941534?
4
What is the tens digit of 159668200?
0
What is the millions digit of 48042851?
8
What is the thousands digit of 888922278?
2
What is the units digit of 229102027?
7
What is the millions digit of 39790194?
9
What is the billions digit of 4578751265?
4
What is the hundreds digit of 2450719288?
2
What is the hundreds digit of 115306099?
0
What is the tens digit of 3776907?
0
What is the ten thousands digit of 164831743?
3
What is the millions digit of 70073967?
0
What is the hundred thousands digit of 17342389?
3
What is the ten thousands digit of 466330021?
3
What is the ten thousands digit of 1301874815?
7
What is the millions digit of 598595820?
8
What is the hundred thousands digit of 26626235?
6
What is the hundred thousands digit of 84537451?
5
What is the millions digit of 336238590?
6
What is the ten millions digit of 160744773?
6
What is the thousands digit of 4203883734?
3
What is t